{"id":963,"date":"2022-11-06T21:05:11","date_gmt":"2022-11-06T20:05:11","guid":{"rendered":"http:\/\/mamlise.home.amu.edu.pl\/?page_id=963"},"modified":"2023-04-23T20:21:05","modified_gmt":"2023-04-23T18:21:05","slug":"venue","status":"publish","type":"page","link":"http:\/\/mamlise.home.amu.edu.pl\/?page_id=963","title":{"rendered":"Venue"},"content":{"rendered":"\n<p>Final Conference, 15th June, 2023<\/p>\n\n\n\n<p><br><strong>Venue 1<\/strong><br>Conference opening and the morning session:<br><strong>Collegium Minus, Aula Lubra\u0144skiego<\/strong><br><strong>Ul. Wieniawskiego 1<br>61-712 Pozna\u0144<\/strong><\/p>\n\n\n\n<p><a href=\"https:\/\/goo.gl\/maps\/XPmeHKPwuBq9LuMn6\" target=\"_blank\" rel=\"noreferrer noopener\">https:\/\/goo.gl\/maps\/XPmeHKPwuBq9LuMn6<\/a> <br>52.408332768073414, 16.915630911090673<\/p>\n\n\n\n<figure class=\"wp-block-image size-large is-style-default\"><img loading=\"lazy\" width=\"1024\" height=\"322\" src=\"http:\/\/mamlise.home.amu.edu.pl\/wp-content\/uploads\/2023\/04\/UAM-Collegium-Minus-1024x322.jpg\" alt=\"\" class=\"wp-image-1114\" srcset=\"http:\/\/mamlise.home.amu.edu.pl\/wp-content\/uploads\/2023\/04\/UAM-Collegium-Minus-1024x322.jpg 1024w, http:\/\/mamlise.home.amu.edu.pl\/wp-content\/uploads\/2023\/04\/UAM-Collegium-Minus-300x94.jpg 300w, http:\/\/mamlise.home.amu.edu.pl\/wp-content\/uploads\/2023\/04\/UAM-Collegium-Minus-768x241.jpg 768w, http:\/\/mamlise.home.amu.edu.pl\/wp-content\/uploads\/2023\/04\/UAM-Collegium-Minus-1536x483.jpg 1536w, http:\/\/mamlise.home.amu.edu.pl\/wp-content\/uploads\/2023\/04\/UAM-Collegium-Minus-621x195.jpg 621w, http:\/\/mamlise.home.amu.edu.pl\/wp-content\/uploads\/2023\/04\/UAM-Collegium-Minus.jpg 1600w\" sizes=\"(max-width: 1024px) 100vw, 1024px\" \/><\/figure>\n\n\n\n<p><strong>Venue 2<\/strong><br>After the lunch break (c. 650 metres, 9 min walk):<br><strong>Collegium Novum<br>Al. Niepodleg\u0142o\u015bci 4<br>61-874 Pozna\u0144<\/strong><\/p>\n\n\n\n<p><br><a href=\"https:\/\/g.page\/uam-wn?share\" target=\"_blank\" rel=\"noreferrer noopener\">https:\/\/g.page\/uam-wn?share<\/a><br>52.40358283877514, 16.921137934101797<\/p>\n","protected":false},"excerpt":{"rendered":"<p>Final Conference, 15th June, 2023 Venue 1Conference opening and the morning session:Collegium Minus, Aula Lubra\u0144skiegoUl. Wieniawskiego 161-712 Pozna\u0144 https:\/\/goo.gl\/maps\/XPmeHKPwuBq9LuMn6 52.408332768073414, 16.915630911090673 Venue 2After the lunch break (c. 650 metres, 9 min walk):Collegium NovumAl. Niepodleg\u0142o\u015bci 461-874 Pozna\u0144 https:\/\/g.page\/uam-wn?share52.40358283877514, 16.921137934101797<\/p>\n","protected":false},"author":1,"featured_media":0,"parent":0,"menu_order":0,"comment_status":"closed","ping_status":"closed","template":"","meta":{"ngg_post_thumbnail":0},"_links":{"self":[{"href":"http:\/\/mamlise.home.amu.edu.pl\/index.php?rest_route=\/wp\/v2\/pages\/963"}],"collection":[{"href":"http:\/\/mamlise.home.amu.edu.pl\/index.php?rest_route=\/wp\/v2\/pages"}],"about":[{"href":"http:\/\/mamlise.home.amu.edu.pl\/index.php?rest_route=\/wp\/v2\/types\/page"}],"author":[{"embeddable":true,"href":"http:\/\/mamlise.home.amu.edu.pl\/index.php?rest_route=\/wp\/v2\/users\/1"}],"replies":[{"embeddable":true,"href":"http:\/\/mamlise.home.amu.edu.pl\/index.php?rest_route=%2Fwp%2Fv2%2Fcomments&post=963"}],"version-history":[{"count":7,"href":"http:\/\/mamlise.home.amu.edu.pl\/index.php?rest_route=\/wp\/v2\/pages\/963\/revisions"}],"predecessor-version":[{"id":1115,"href":"http:\/\/mamlise.home.amu.edu.pl\/index.php?rest_route=\/wp\/v2\/pages\/963\/revisions\/1115"}],"wp:attachment":[{"href":"http:\/\/mamlise.home.amu.edu.pl\/index.php?rest_route=%2Fwp%2Fv2%2Fmedia&parent=963"}],"curies":[{"name":"wp","href":"https:\/\/api.w.org\/{rel}","templated":true}]}}